{"id":1755,"date":"2016-03-21T04:44:34","date_gmt":"2016-03-21T04:44:34","guid":{"rendered":"http:\/\/motors.stylemixthemes.com\/demo\/\/?page_id=1755"},"modified":"2019-11-04T02:34:15","modified_gmt":"2019-11-04T01:34:15","slug":"ajouter-une-voiture","status":"publish","type":"page","link":"http:\/\/woomajob.com\/car\/ajouter-une-voiture\/","title":{"rendered":"Ajouter une voiture"},"content":{"rendered":"<p>[vc_row css=\u00a0\u00bb.vc_custom_1458638182050{margin-bottom: 40px !important;}\u00a0\u00bb][vc_column width=\u00a0\u00bb2\/3&Prime;][vc_custom_heading text=\u00a0\u00bbConstruisez votre annonce\u00a0\u00bb font_container=\u00a0\u00bbtag:h3|font_size:28|text_align:left|line_height:34px\u00a0\u00bb use_theme_fonts=\u00a0\u00bbyes\u00a0\u00bb css=\u00a0\u00bb.vc_custom_1570406722504{margin-top: 16px !important;margin-bottom: 12px !important;}\u00a0\u00bb][vc_column_text css=\u00a0\u00bb.vc_custom_1570406772709{margin-bottom: 0px !important;}\u00a0\u00bb]<span style=\"color: #888888; font-size: 13px;\">Vous construisez actuellement une annonce gratuite.<\/span>[\/vc_column_text][vc_column_text]<strong style=\"font-size: 13px;\">Les \u00e9l\u00e9ments marqu\u00e9s d&rsquo;un * sont des champs obligatoires.<\/strong>[\/vc_column_text][\/vc_column][vc_column width=\u00a0\u00bb1\/3&Prime;][stm_posts_available][\/vc_column][\/vc_row][vc_row][vc_column][stm_add_a_car items=\u00a0\u00bb%5B%7B%22tab_title_single%22%3A%22Confort%22%2C%22tab_title_labels%22%3A%22Climatisation%2C%20Cam%C3%A9ra%20de%20recul%2C%20R%C3%A9gulateur%20de%20vitesse%2C%20Navigation%2C%20Direction%20assist%C3%A9e%22%7D%2C%7B%22tab_title_single%22%3A%22Divertissement%22%2C%22tab_title_labels%22%3A%22Ecran%20Tv%20%2C%20Console%20de%20Jeu%2C%20Frigo%20bar%2C%20Allume%20cigarre%2C%20Connexion%20wifi%22%7D%2C%7B%22tab_title_single%22%3A%22Puissance%20fiscale%22%2C%22tab_title_labels%22%3A%2215-20%20CV%2C20-25%20CV%2C30-35%20CV%2C35-40%20CV%2C40-50%20CV%22%7D%2C%7B%22tab_title_single%22%3A%22Nombre%20de%20places%22%2C%22tab_title_labels%22%3A%22(02)Deux%20Places%2C(04)Deux%20Places%2C(05)Deux%20Places%2C(06)Deux%20Places%2CPlus%20de%20(06)%20Six%20Places%22%7D%2C%7B%22tab_title_single%22%3A%22Autre%22%2C%22tab_title_labels%22%3A%22Faible%20consommation%2Cpas%20de%20raillure%2CSignalisation%2Cphare%22%7D%5D\u00a0\u00bb taxonomy=\u00a0\u00bbcondition, make, serie, ca-year,\u00a0\u00bb stm_phrases=\u00a0\u00bbExcellent \u00e9tat, Toujours gar\u00e9, Pas d&rsquo;accident, Radio satellite, \u00c0 voir, Syst\u00e8me GPS d&rsquo;usine\u00a0\u00bb stm_title_user=\u00a0\u00bbRecommandation &amp; Guides\u00a0\u00bb stm_text_user=\u00a0\u00bbEn nous fournissant votre num\u00e9ro de t\u00e9l\u00e9phone, vous reconnaissez et acceptez que nous (et \/ ou nos demandeurs de services) puissions vous contacter au num\u00e9ro de t\u00e9l\u00e9phone portable ou \u00e0 un autre num\u00e9ro de t\u00e9l\u00e9phone que vous avez \u00e9num\u00e9r\u00e9, afin de vous fournir des informations ou offres suppl\u00e9mentaires concernant vos services ce faisant.\u00a0\u00bb stm_histories=\u00a0\u00bbCarfax, AutoCheck, Carfax 1 Owner, Autre\u00a0\u00bb stm_title_price=\u00a0\u00bbPrice your vehicle competitively.\u00a0\u00bb stm_title_desc=\u00a0\u00bbD\u00e9terminez un prix comp\u00e9titif en comparant les informations de votre v\u00e9hicule et son kilom\u00e9trage avec des v\u00e9hicules similaires propos\u00e9s \u00e0 la location par des concessionnaires et les locataires professionnels dans votre r\u00e9gion. Ensuite, consid\u00e9rez la tarification de votre v\u00e9hicule \u00e0 port\u00e9e. Assurez-vous de fournir des commentaires sur la voiture et des photos soulignant les meilleures caract\u00e9ristiques de votre v\u00e9hicule, en particulier si le prix demand\u00e9 est sup\u00e9rieur \u00e0 la moyenne.\u00a0\u00bb]<\/p>\n<h4 style=\"font-size: 14px;\">RECOMMANDATION ET GUIDES<\/h4>\n<p><span style=\"color: #222222;\">Donner plus d&rsquo;information sur le voiture \u00e0 louer enfin que le client puisse faire votre choix vous.<\/span><\/p>\n<p><strong>R\u00e9solution d&rsquo;image recommand\u00e9e: 800 x 470 px ou plus<\/strong><\/p>\n<p><span style=\"color: #888888;\">Les images de la voiture choisies doivent \u00eatre de qualit\u00e9 optimal et bien repr\u00e9sent\u00e9 la voiture avec un format jpeg, png\u00a0<\/span>.<\/p>\n<p><strong>L&rsquo;utilisateur peut t\u00e9l\u00e9charger jusqu&rsquo;\u00e0 2 photos, mais le Professionnel peut t\u00e9l\u00e9charger jusqu&rsquo;\u00e0 10 photos.<\/strong><\/p>\n<p><span style=\"color: #888888;\">Le nombre d&rsquo;image pr\u00e9sent dans le site pour votre structure diff\u00e8re du compte que vous utiliser.<\/span>[\/stm_add_a_car][\/vc_column][\/vc_row]<\/p>\n","protected":false},"excerpt":{"rendered":"<p>[vc_row css=\u00a0\u00bb.vc_custom_1458638182050{margin-bottom: 40px !important;}\u00a0\u00bb][vc_column width=\u00a0\u00bb2\/3&Prime;][vc_custom_heading text=\u00a0\u00bbConstruisez votre annonce\u00a0\u00bb font_container=\u00a0\u00bbtag:h3|font_size:28|text_align:left|line_height:34px\u00a0\u00bb use_theme_fonts=\u00a0\u00bbyes\u00a0\u00bb css=\u00a0\u00bb.vc_custom_1570406722504{margin-top: 16px !important;margin-bottom: 12px !important;}\u00a0\u00bb][vc_column_text css=\u00a0\u00bb.vc_custom_1570406772709{margin-bottom: 0px !important;}\u00a0\u00bb]Vous construisez actuellement une annonce gratuite.[\/vc_column_text][vc_column_text]Les \u00e9l\u00e9ments marqu\u00e9s d&rsquo;un * sont des champs obligatoires.[\/vc_column_text][\/vc_column][vc_column width=\u00a0\u00bb1\/3&Prime;][stm_posts_available][\/vc_column][\/vc_row][vc_row][vc_column][stm_add_a_car items=\u00a0\u00bb%5B%7B%22tab_title_single%22%3A%22Confort%22%2C%22tab_title_labels%22%3A%22Climatisation%2C%20Cam%C3%A9ra%20de%20recul%2C%20R%C3%A9gulateur%20de%20vitesse%2C%20Navigation%2C%20Direction%20assist%C3%A9e%22%7D%2C%7B%22tab_title_single%22%3A%22Divertissement%22%2C%22tab_title_labels%22%3A%22Ecran%20Tv%20%2C%20Console%20de%20Jeu%2C%20Frigo%20bar%2C%20Allume%20cigarre%2C%20Connexion%20wifi%22%7D%2C%7B%22tab_title_single%22%3A%22Puissance%20fiscale%22%2C%22tab_title_labels%22%3A%2215-20%20CV%2C20-25%20CV%2C30-35%20CV%2C35-40%20CV%2C40-50%20CV%22%7D%2C%7B%22tab_title_single%22%3A%22Nombre%20de%20places%22%2C%22tab_title_labels%22%3A%22(02)Deux%20Places%2C(04)Deux%20Places%2C(05)Deux%20Places%2C(06)Deux%20Places%2CPlus%20de%20(06)%20Six%20Places%22%7D%2C%7B%22tab_title_single%22%3A%22Autre%22%2C%22tab_title_labels%22%3A%22Faible%20consommation%2Cpas%20de%20raillure%2CSignalisation%2Cphare%22%7D%5D\u00a0\u00bb taxonomy=\u00a0\u00bbcondition, make, serie, ca-year,\u00a0\u00bb stm_phrases=\u00a0\u00bbExcellent \u00e9tat, Toujours gar\u00e9, Pas d&rsquo;accident, Radio satellite, \u00c0 voir, Syst\u00e8me GPS d&rsquo;usine\u00a0\u00bb stm_title_user=\u00a0\u00bbRecommandation &amp; Guides\u00a0\u00bb stm_text_user=\u00a0\u00bbEn nous&#8230;<\/p>\n","protected":false},"author":1,"featured_media":0,"parent":0,"menu_order":0,"comment_status":"closed","ping_status":"closed","template":"","meta":{"footnotes":""},"_links":{"self":[{"href":"http:\/\/woomajob.com\/car\/wp-json\/wp\/v2\/pages\/1755"}],"collection":[{"href":"http:\/\/woomajob.com\/car\/wp-json\/wp\/v2\/pages"}],"about":[{"href":"http:\/\/woomajob.com\/car\/wp-json\/wp\/v2\/types\/page"}],"author":[{"embeddable":true,"href":"http:\/\/woomajob.com\/car\/wp-json\/wp\/v2\/users\/1"}],"replies":[{"embeddable":true,"href":"http:\/\/woomajob.com\/car\/wp-json\/wp\/v2\/comments?post=1755"}],"version-history":[{"count":17,"href":"http:\/\/woomajob.com\/car\/wp-json\/wp\/v2\/pages\/1755\/revisions"}],"predecessor-version":[{"id":2345,"href":"http:\/\/woomajob.com\/car\/wp-json\/wp\/v2\/pages\/1755\/revisions\/2345"}],"wp:attachment":[{"href":"http:\/\/woomajob.com\/car\/wp-json\/wp\/v2\/media?parent=1755"}],"curies":[{"name":"wp","href":"https:\/\/api.w.org\/{rel}","templated":true}]}}